{"id":2,"date":"2010-05-18T16:55:14","date_gmt":"2010-05-18T14:55:14","guid":{"rendered":"http:\/\/www.matala-kreta.eu\/?page_id=2"},"modified":"2013-03-10T17:10:35","modified_gmt":"2013-03-10T16:10:35","slug":"about","status":"publish","type":"page","link":"https:\/\/www.matala-kreta.eu\/?page_id=2","title":{"rendered":"Warum Kreta?"},"content":{"rendered":"<p style=\"text-align: center;\"><img loading=\"lazy\" alt=\"\" src=\"http:\/\/www.matala-kreta.de\/images\/Startseite\/Willkommen.jpg\" width=\"400\" height=\"262\" border=\"0\" \/><\/p>\n<p style=\"text-align: center;\">Seit vielen Jahren kommen wir meist 2x im Jahr nach Matala.<br \/>\nUns hat die Gastfreundschaft und die Insel Kreta schon bei unserem ersten gemeinsamen Urlaub gefallen.<br \/>\nImmer mit einem Augenzwinkern, denn das Leben gestaltet sich schon etwas anders in dem immer noch recht wilden Teil Griechenlands. Viele kennen das s\u00fcdliche Flair was es auch in anderen L\u00e4ndern gibt, man ist weniger hektisch und l\u00e4sst eher einmal etwas einfach auf sich zukommen. Wobei man nicht vergessen darf das gerade aktuell viele Probleme aus falsch verstandener L\u00e4ssigkeit und Vetternwirtschaft entstanden sind. Aber, davon sollen die Urlaubstage ja m\u00f6glichst nicht belastet werden &#8211; oder ?<br \/>\nNein, ich denke man sollte seinen Urlaub genie\u00dfen. Und halbwegs intelligente Menschen werden das auch niemandem absprechen. Man macht ja Urlaub um den Problemen zu Hause zu entfliehen, zumindest zeitweise. Denn wir m\u00fcssen ganz klar sehen, dass es nicht einfach ist das was man an einem Land liebt zu behalten und trotzdem die Menschen ein wenig dahin zu ver\u00e4ndern, dass zu einem Miteinander vielleicht mehr geh\u00f6rt, als nur im Kafen\u00edon \u00fcber die Probleme zu sprechen. Denn eigentlich funktioniert es doch, nur der Kl\u00fcngel wie man im Rheinischen sagt, wird manchmal &#8222;etwas&#8220; \u00fcbertrieben. Dadurch resultieren dann leider Nachteile f\u00fcr andere.<\/p>\n<p style=\"text-align: center;\">Wenn ihr nach Kreta kommt, w\u00fcnsche ich euch einen sch\u00f6nen Urlaub und erholt euch, dass geht hier n\u00e4mlich richtig gut. Wenn euch etwas gef\u00e4llt, sagt es weiter, wenn nicht, auch. Aber, bitte nicht erst zu Hause, sondern direkt. Warum ich das schreibe ? Oft genug h\u00f6re ich von Urlaubern was ihnen nicht gepasst hat, aber gesagt haben sie nichts. &#8222;Kann kein Griechisch&#8220;&#8230;..Ebenso sagen viel Leute die im Tourismus arbeiten: &#8222;Was willst Du, die Leute kommen doch ?&#8220;. Hm, ja, aber viele auch nur ein Mal.<\/p>\n<p style=\"text-align: center;\">Mehr \u00fcber Matala und anderes findet Ihr auf meiner Homepage .<br \/>\nWie immer :<\/p>\n<div id=\"Layer2\" style=\"text-align: center;\">\n<div>\n<p style=\"text-align: center;\">Alle Fotos auf dieser Homepage sind Privat und d\u00fcrfen nur mit ausdr\u00fccklicher Genehmigung f\u00fcr andere Zwecke verwendet werden !<br \/>\nThe pictures on this homepage are privat and without permission it is not allowed to use them in any kind of possibility !<\/p>\n<\/div>\n<\/div>\n<div class=\"rl-gallery-container splide \" id=\"rl-gallery-container-1\" data-gallery_id=\"0\"> <div class=\"rl-gallery rl-basicslider-gallery splide__track \" id=\"rl-gallery-1\" data-gallery_no=\"1\"> <ul class=\"splide__list\"> <li class=\"rl-gallery-item splide__slide\" data-thumb=\"https:\/\/www.matala-kreta.eu\/wp-content\/uploads\/2010\/05\/Matala-a06-300x224.jpg\"> <a href=\"https:\/\/www.matala-kreta.eu\/wp-content\/uploads\/2010\/05\/Matala-a06.jpg\" title=\"\" data-rl_title=\"\" class=\"rl-gallery-link\" data-rl_caption=\"\" data-rel=\"lightbox-gallery-bGlnaHRib3gtZ2FsbGVyeS0x\" data-rl_title=\"\" data-rl_caption=\"\"><img src=\"https:\/\/www.matala-kreta.eu\/wp-content\/uploads\/2010\/05\/Matala-a06-300x224.jpg\" width=\"300\" height=\"224\" alt=\"\"\/><\/a> <\/li> <li class=\"rl-gallery-item splide__slide\" data-thumb=\"https:\/\/www.matala-kreta.eu\/wp-content\/uploads\/2010\/05\/Muschel_1-300x225.jpg\"> <a href=\"https:\/\/www.matala-kreta.eu\/wp-content\/uploads\/2010\/05\/Muschel_1.jpg\" title=\"\" data-rl_title=\"\" class=\"rl-gallery-link\" data-rl_caption=\"\" data-rel=\"lightbox-gallery-bGlnaHRib3gtZ2FsbGVyeS0x\" data-rl_title=\"\" data-rl_caption=\"\"><img src=\"https:\/\/www.matala-kreta.eu\/wp-content\/uploads\/2010\/05\/Muschel_1-300x225.jpg\" width=\"300\" height=\"225\" alt=\"\"\/><\/a> <\/li> <li class=\"rl-gallery-item splide__slide\" data-thumb=\"https:\/\/www.matala-kreta.eu\/wp-content\/uploads\/2010\/05\/Ano-V_1-300x199.jpg\"> <a href=\"https:\/\/www.matala-kreta.eu\/wp-content\/uploads\/2010\/05\/Ano-V_1.jpg\" title=\"\" data-rl_title=\"\" class=\"rl-gallery-link\" data-rl_caption=\"\" data-rel=\"lightbox-gallery-bGlnaHRib3gtZ2FsbGVyeS0x\" data-rl_title=\"\" data-rl_caption=\"\"><img src=\"https:\/\/www.matala-kreta.eu\/wp-content\/uploads\/2010\/05\/Ano-V_1-300x199.jpg\" width=\"300\" height=\"199\" alt=\"\"\/><\/a> <\/li> <li class=\"rl-gallery-item splide__slide\" data-thumb=\"https:\/\/www.matala-kreta.eu\/wp-content\/uploads\/2010\/05\/Schafe_1-300x199.jpg\"> <a href=\"https:\/\/www.matala-kreta.eu\/wp-content\/uploads\/2010\/05\/Schafe_1.jpg\" title=\"\" data-rl_title=\"\" class=\"rl-gallery-link\" data-rl_caption=\"\" data-rel=\"lightbox-gallery-bGlnaHRib3gtZ2FsbGVyeS0x\" data-rl_title=\"\" data-rl_caption=\"\"><img src=\"https:\/\/www.matala-kreta.eu\/wp-content\/uploads\/2010\/05\/Schafe_1-300x199.jpg\" width=\"300\" height=\"199\" alt=\"\"\/><\/a> <\/li> <li class=\"rl-gallery-item splide__slide\" data-thumb=\"https:\/\/www.matala-kreta.eu\/wp-content\/uploads\/2010\/05\/Kreta-bunte-Karte-02-300x206.jpg\"> <a href=\"https:\/\/www.matala-kreta.eu\/wp-content\/uploads\/2010\/05\/Kreta-bunte-Karte-02.jpg\" title=\"\" data-rl_title=\"\" class=\"rl-gallery-link\" data-rl_caption=\"\" data-rel=\"lightbox-gallery-bGlnaHRib3gtZ2FsbGVyeS0x\" data-rl_title=\"\" data-rl_caption=\"\"><img src=\"https:\/\/www.matala-kreta.eu\/wp-content\/uploads\/2010\/05\/Kreta-bunte-Karte-02-300x206.jpg\" width=\"300\" height=\"206\" alt=\"\"\/><\/a> <\/li> <li class=\"rl-gallery-item splide__slide\" data-thumb=\"https:\/\/www.matala-kreta.eu\/wp-content\/uploads\/2010\/05\/Gr._1-300x199.jpg\"> <a href=\"https:\/\/www.matala-kreta.eu\/wp-content\/uploads\/2010\/05\/Gr._1.jpg\" title=\"\" data-rl_title=\"\" class=\"rl-gallery-link\" data-rl_caption=\"\" data-rel=\"lightbox-gallery-bGlnaHRib3gtZ2FsbGVyeS0x\" data-rl_title=\"\" data-rl_caption=\"\"><img src=\"https:\/\/www.matala-kreta.eu\/wp-content\/uploads\/2010\/05\/Gr._1-300x199.jpg\" width=\"300\" height=\"199\" alt=\"\"\/><\/a> <\/li> <li class=\"rl-gallery-item splide__slide\" data-thumb=\"https:\/\/www.matala-kreta.eu\/wp-content\/uploads\/2010\/05\/P+L_1-300x225.jpg\"> <a href=\"https:\/\/www.matala-kreta.eu\/wp-content\/uploads\/2010\/05\/P+L_1.jpg\" title=\"\" data-rl_title=\"\" class=\"rl-gallery-link\" data-rl_caption=\"\" data-rel=\"lightbox-gallery-bGlnaHRib3gtZ2FsbGVyeS0x\" data-rl_title=\"\" data-rl_caption=\"\"><img src=\"https:\/\/www.matala-kreta.eu\/wp-content\/uploads\/2010\/05\/P+L_1-300x225.jpg\" width=\"300\" height=\"225\" alt=\"\"\/><\/a> <\/li> <li class=\"rl-gallery-item splide__slide\" data-thumb=\"https:\/\/www.matala-kreta.eu\/wp-content\/uploads\/2010\/05\/M.v.o_1-300x199.jpg\"> <a href=\"https:\/\/www.matala-kreta.eu\/wp-content\/uploads\/2010\/05\/M.v.o_1.jpg\" title=\"\" data-rl_title=\"\" class=\"rl-gallery-link\" data-rl_caption=\"\" data-rel=\"lightbox-gallery-bGlnaHRib3gtZ2FsbGVyeS0x\" data-rl_title=\"\" data-rl_caption=\"\"><img src=\"https:\/\/www.matala-kreta.eu\/wp-content\/uploads\/2010\/05\/M.v.o_1-300x199.jpg\" width=\"300\" height=\"199\" alt=\"\"\/><\/a> <\/li> <li class=\"rl-gallery-item splide__slide\" data-thumb=\"https:\/\/www.matala-kreta.eu\/wp-content\/uploads\/2010\/05\/Romantika_1-300x225.jpg\"> <a href=\"https:\/\/www.matala-kreta.eu\/wp-content\/uploads\/2010\/05\/Romantika_1.jpg\" title=\"\" data-rl_title=\"\" class=\"rl-gallery-link\" data-rl_caption=\"\" data-rel=\"lightbox-gallery-bGlnaHRib3gtZ2FsbGVyeS0x\" data-rl_title=\"\" data-rl_caption=\"\"><img src=\"https:\/\/www.matala-kreta.eu\/wp-content\/uploads\/2010\/05\/Romantika_1-300x225.jpg\" width=\"300\" height=\"225\" alt=\"\"\/><\/a> <\/li> <li class=\"rl-gallery-item splide__slide\" data-thumb=\"https:\/\/www.matala-kreta.eu\/wp-content\/uploads\/2010\/05\/Octo_1-300x199.jpg\"> <a href=\"https:\/\/www.matala-kreta.eu\/wp-content\/uploads\/2010\/05\/Octo_1.jpg\" title=\"\" data-rl_title=\"\" class=\"rl-gallery-link\" data-rl_caption=\"\" data-rel=\"lightbox-gallery-bGlnaHRib3gtZ2FsbGVyeS0x\" data-rl_title=\"\" data-rl_caption=\"\"><img src=\"https:\/\/www.matala-kreta.eu\/wp-content\/uploads\/2010\/05\/Octo_1-300x199.jpg\" width=\"300\" height=\"199\" alt=\"\"\/><\/a> <\/li> <li class=\"rl-gallery-item splide__slide\" data-thumb=\"https:\/\/www.matala-kreta.eu\/wp-content\/uploads\/2010\/05\/Matala-Bucht-1a-300x196.jpg\"> <a href=\"https:\/\/www.matala-kreta.eu\/wp-content\/uploads\/2010\/05\/Matala-Bucht-1a.jpg\" title=\"\" data-rl_title=\"\" class=\"rl-gallery-link\" data-rl_caption=\"\" data-rel=\"lightbox-gallery-bGlnaHRib3gtZ2FsbGVyeS0x\" data-rl_title=\"\" data-rl_caption=\"\"><img src=\"https:\/\/www.matala-kreta.eu\/wp-content\/uploads\/2010\/05\/Matala-Bucht-1a-300x196.jpg\" width=\"300\" height=\"196\" alt=\"\"\/><\/a> <\/li> <li class=\"rl-gallery-item splide__slide\" data-thumb=\"https:\/\/www.matala-kreta.eu\/wp-content\/uploads\/2010\/05\/Mandelbaum_1-300x199.jpg\"> <a href=\"https:\/\/www.matala-kreta.eu\/wp-content\/uploads\/2010\/05\/Mandelbaum_1.jpg\" title=\"\" data-rl_title=\"\" class=\"rl-gallery-link\" data-rl_caption=\"\" data-rel=\"lightbox-gallery-bGlnaHRib3gtZ2FsbGVyeS0x\" data-rl_title=\"\" data-rl_caption=\"\"><img src=\"https:\/\/www.matala-kreta.eu\/wp-content\/uploads\/2010\/05\/Mandelbaum_1-300x199.jpg\" width=\"300\" height=\"199\" alt=\"\"\/><\/a> <\/li> <li class=\"rl-gallery-item splide__slide\" data-thumb=\"https:\/\/www.matala-kreta.eu\/wp-content\/uploads\/2010\/05\/Matala-Ostern-1-300x211.jpg\"> <a href=\"https:\/\/www.matala-kreta.eu\/wp-content\/uploads\/2010\/05\/Matala-Ostern-1.jpg\" title=\"\" data-rl_title=\"\" class=\"rl-gallery-link\" data-rl_caption=\"\" data-rel=\"lightbox-gallery-bGlnaHRib3gtZ2FsbGVyeS0x\" data-rl_title=\"\" data-rl_caption=\"\"><img src=\"https:\/\/www.matala-kreta.eu\/wp-content\/uploads\/2010\/05\/Matala-Ostern-1-300x211.jpg\" width=\"300\" height=\"211\" alt=\"\"\/><\/a> <\/li> <li class=\"rl-gallery-item splide__slide\" data-thumb=\"https:\/\/www.matala-kreta.eu\/wp-content\/uploads\/2010\/05\/Psiloritis_01-300x225.jpg\"> <a href=\"https:\/\/www.matala-kreta.eu\/wp-content\/uploads\/2010\/05\/Psiloritis_01.jpg\" title=\"\" data-rl_title=\"\" class=\"rl-gallery-link\" data-rl_caption=\"\" data-rel=\"lightbox-gallery-bGlnaHRib3gtZ2FsbGVyeS0x\" data-rl_title=\"\" data-rl_caption=\"\"><img src=\"https:\/\/www.matala-kreta.eu\/wp-content\/uploads\/2010\/05\/Psiloritis_01-300x225.jpg\" width=\"300\" height=\"225\" alt=\"\"\/><\/a> <\/li> <li class=\"rl-gallery-item splide__slide\" data-thumb=\"https:\/\/www.matala-kreta.eu\/wp-content\/uploads\/2010\/05\/IMG_1606-300x225.jpg\"> <a href=\"https:\/\/www.matala-kreta.eu\/wp-content\/uploads\/2010\/05\/IMG_1606.jpg\" title=\"\" data-rl_title=\"\" class=\"rl-gallery-link\" data-rl_caption=\"\" data-rel=\"lightbox-gallery-bGlnaHRib3gtZ2FsbGVyeS0x\" data-rl_title=\"\" data-rl_caption=\"\"><img src=\"https:\/\/www.matala-kreta.eu\/wp-content\/uploads\/2010\/05\/IMG_1606-300x225.jpg\" width=\"300\" height=\"225\" alt=\"Schwarzer Aronstab\"\/><\/a> <\/li> <li class=\"rl-gallery-item splide__slide\" data-thumb=\"https:\/\/www.matala-kreta.eu\/wp-content\/uploads\/2010\/05\/Hoehle_01-300x197.jpg\"> <a href=\"https:\/\/www.matala-kreta.eu\/wp-content\/uploads\/2010\/05\/Hoehle_01.jpg\" title=\"\" data-rl_title=\"\" class=\"rl-gallery-link\" data-rl_caption=\"\" data-rel=\"lightbox-gallery-bGlnaHRib3gtZ2FsbGVyeS0x\" data-rl_title=\"\" data-rl_caption=\"\"><img src=\"https:\/\/www.matala-kreta.eu\/wp-content\/uploads\/2010\/05\/Hoehle_01-300x197.jpg\" width=\"300\" height=\"197\" alt=\"\"\/><\/a> <\/li> <li class=\"rl-gallery-item splide__slide\" data-thumb=\"https:\/\/www.matala-kreta.eu\/wp-content\/uploads\/2010\/05\/Hoehle_02-300x197.jpg\"> <a href=\"https:\/\/www.matala-kreta.eu\/wp-content\/uploads\/2010\/05\/Hoehle_02.jpg\" title=\"\" data-rl_title=\"\" class=\"rl-gallery-link\" data-rl_caption=\"\" data-rel=\"lightbox-gallery-bGlnaHRib3gtZ2FsbGVyeS0x\" data-rl_title=\"\" data-rl_caption=\"\"><img src=\"https:\/\/www.matala-kreta.eu\/wp-content\/uploads\/2010\/05\/Hoehle_02-300x197.jpg\" width=\"300\" height=\"197\" alt=\"\"\/><\/a> <\/li> <li class=\"rl-gallery-item splide__slide\" data-thumb=\"https:\/\/www.matala-kreta.eu\/wp-content\/uploads\/2010\/05\/Hoehle_03-300x198.jpg\"> <a href=\"https:\/\/www.matala-kreta.eu\/wp-content\/uploads\/2010\/05\/Hoehle_03.jpg\" title=\"\" data-rl_title=\"\" class=\"rl-gallery-link\" data-rl_caption=\"\" data-rel=\"lightbox-gallery-bGlnaHRib3gtZ2FsbGVyeS0x\" data-rl_title=\"\" data-rl_caption=\"\"><img src=\"https:\/\/www.matala-kreta.eu\/wp-content\/uploads\/2010\/05\/Hoehle_03-300x198.jpg\" width=\"300\" height=\"198\" alt=\"\"\/><\/a> <\/li> <li class=\"rl-gallery-item splide__slide\" data-thumb=\"https:\/\/www.matala-kreta.eu\/wp-content\/uploads\/2010\/05\/Hoehle_04-300x194.jpg\"> <a href=\"https:\/\/www.matala-kreta.eu\/wp-content\/uploads\/2010\/05\/Hoehle_04.jpg\" title=\"\" data-rl_title=\"\" class=\"rl-gallery-link\" data-rl_caption=\"\" data-rel=\"lightbox-gallery-bGlnaHRib3gtZ2FsbGVyeS0x\" data-rl_title=\"\" data-rl_caption=\"\"><img src=\"https:\/\/www.matala-kreta.eu\/wp-content\/uploads\/2010\/05\/Hoehle_04-300x194.jpg\" width=\"300\" height=\"194\" alt=\"\"\/><\/a> <\/li> <li class=\"rl-gallery-item splide__slide\" data-thumb=\"https:\/\/www.matala-kreta.eu\/wp-content\/uploads\/2010\/05\/Haengematte_1-300x225.jpg\"> <a href=\"https:\/\/www.matala-kreta.eu\/wp-content\/uploads\/2010\/05\/Haengematte_1.jpg\" title=\"\" data-rl_title=\"\" class=\"rl-gallery-link\" data-rl_caption=\"\" data-rel=\"lightbox-gallery-bGlnaHRib3gtZ2FsbGVyeS0x\" data-rl_title=\"\" data-rl_caption=\"\"><img src=\"https:\/\/www.matala-kreta.eu\/wp-content\/uploads\/2010\/05\/Haengematte_1-300x225.jpg\" width=\"300\" height=\"225\" alt=\"\"\/><\/a> <\/li> <\/ul> <\/div> <\/div>\n<p style=\"text-align: center;\">Die H\u00f6hlen von Matala sind zum gr\u00f6\u00dften Teil r\u00f6mische Gr\u00e4ber aus dem 2. Jh. , In der minoischen Epoche befand sich an dieser Stelle ein Hafen von Phaistos\/Festos neben der Anlage am Komos, in r\u00f6mischer Zeit war Matala der Hafen von G\u00f3rtys.<br \/>\nDie Sarazenen unter Abu Hafs Omar, die 824 Kreta eroberten, gingen zuerst in Matala an Land.<br \/>\nErst in den 60er Jahren erlangten sie neue Bedeutung durch die \u201cBesiedlung\u201d zuerst von ausgestiegenen amerikanischen Soldaten und Hippies. Diese schlugen auch neue \u201cH\u00f6hlen\u201d in den weichen Sandstein um dort zu wohnen. Man kann sie in allen gr\u00f6\u00dferen Felsen Matalas sehen, einige sind allerdings zugemauert. Zeitweise lebten hier auch <a href=\"http:\/\/www.matala-kreta.de\/html%20Seiten\/Das%20Mermaid%20Cafe.htm\" target=\"_blank\">Joni Mitchell und Georg Danzer<\/a>.<\/p>\n<p style=\"text-align: center;\">Die Bedeutung der Bucht Matalas geht weit zur\u00fcck in die mythologische Vergangenheit. Hier erreichte Zeus der sich zum Stier verwandelt hatte mit der sch\u00f6nen Prinzessin Europa die K\u00fcste Kretas.<br \/>\nHierher wurde auch ein Teil der Flotte von Menelaos getrieben als sie auf dem R\u00fcckweg von Troja war.<\/p>\n","protected":false},"excerpt":{"rendered":"<p style=\"text-align: center;\">\n<p style=\"text-align: center;\">Seit vielen Jahren kommen wir meist 2x im Jahr nach Matala. Uns hat die Gastfreundschaft und die Insel Kreta schon bei unserem ersten gemeinsamen Urlaub gefallen. Immer mit einem Augenzwinkern, denn das Leben gestaltet sich schon etwas anders in dem immer noch recht wilden Teil Griechenlands. Viele kennen das s\u00fcdliche <span style=\"color:#777\"> . . . &rarr; Read More: <a href=\"https:\/\/www.matala-kreta.eu\/?page_id=2\">Warum Kreta?<\/a><\/span><\/p>\n","protected":false},"author":1,"featured_media":0,"parent":0,"menu_order":3,"comment_status":"closed","ping_status":"closed","template":"","meta":[],"_links":{"self":[{"href":"https:\/\/www.matala-kreta.eu\/index.php?rest_route=\/wp\/v2\/pages\/2"}],"collection":[{"href":"https:\/\/www.matala-kreta.eu\/index.php?rest_route=\/wp\/v2\/pages"}],"about":[{"href":"https:\/\/www.matala-kreta.eu\/index.php?rest_route=\/wp\/v2\/types\/page"}],"author":[{"embeddable":true,"href":"https:\/\/www.matala-kreta.eu\/index.php?rest_route=\/wp\/v2\/users\/1"}],"replies":[{"embeddable":true,"href":"https:\/\/www.matala-kreta.eu\/index.php?rest_route=%2Fwp%2Fv2%2Fcomments&post=2"}],"version-history":[{"count":0,"href":"https:\/\/www.matala-kreta.eu\/index.php?rest_route=\/wp\/v2\/pages\/2\/revisions"}],"wp:attachment":[{"href":"https:\/\/www.matala-kreta.eu\/index.php?rest_route=%2Fwp%2Fv2%2Fmedia&parent=2"}],"curies":[{"name":"wp","href":"https:\/\/api.w.org\/{rel}","templated":true}]}}